the highest common divisor of n and 14?
14
Let a(w) = -71*w**3 - w**2. Let m be a(-1). Let n = m + 18. Let p be (-24)/21*21*(-7)/21. Calculate the greatest common divisor of n and p.
8
Let p = 45 - 9. Let k be (-6)/(-4)*(-20)/(-15). Suppose -k*z = -11*z + 810. Calculate the highest common factor of z and p.
18
Suppose 0 = -109*c - 64*c + 1212 + 518. What is the highest common factor of c and 640?
10
Let p be (3 - 0)/((-1)/(-14)). Let i(w) = 4*w**2 - 207*w + 848. Let s be i(4). What is the greatest common factor of p and s?
42
Let x = 3048 - 2894. Calculate the greatest common factor of x and 121.
11
Let n = -1243 + 2134. Calculate the greatest common factor of 209 and n.
11
Suppose 15*r = -0*r + 75. Suppose -360 = -5*x + r*o, -x - 6*o + 3*o = -84. What is the greatest common divisor of x and 30?
15
Let o be 49/7*((-42)/315 - (-272)/15). Calculate the greatest common factor of 3801 and o.
21
Let t be (-27)/2*22/((-8)/(-12 - -20)). What is the greatest common divisor of 11 and t?
11
Suppose 2*g + 9*g = 66. Let c be ((-2)/(-3))/(g/3465). What is the greatest common divisor of 35 and c?
35
Suppose -26*w - 3*g = -30*w + 103, 5*w - 130 = 5*g. Suppose -w = -5*r + 95. Calculate the greatest common divisor of r and 12.
12
Let t = 9432 - 9422. Calculate the highest common factor of 27070 and t.
10
Let z(i) = -i**2 + 10*i - 8. Let n be z(-6). Let u be (14*-1)/(16/n). Let q be 6/9*117/6. What is the greatest common divisor of q and u?
13
Suppose 25*y - 32*y + 105 = 0. Let i = -87 + 90. Calculate the greatest common factor of y and i.
3
Let l be (308/8)/(-7)*(-23)/((-299)/(-6110)). What is the highest common divisor of 275 and l?
55
Suppose 3*l + 3*c - 8*c + 59 = 0, -c = 5*l + 61. Let k(h) = -h**2 - 12*h + 39. Let t be k(l). Calculate the highest common divisor of t and 143.
13
Let z be 4/(-18) - 2820/(-54). Let h be ((-195)/z)/((-1)/(-8)). Let p be (-1)/(-2)*(h - -32). Calculate the highest common divisor of 3 and p.
1
Let i(h) = -768*h - 2652. Let m be i(-4). Calculate the greatest common factor of 210 and m.
210
Suppose -3*r + h = 18 + 11, -2*r = -5*h + 15. Let j be -61 + (-2)/r*(-14 - -19). Let w = j + 82. What is the greatest common factor of 22 and w?
22
Suppose -417 = -b - 78. Let o = -291 + b. What is the highest common divisor of o and 408?
24
Suppose 45 = z + 3. Let f = 3586 - 3530. What is the highest common factor of f and z?
14
Suppose 3*p + 191 + 4 = 0. Let i = -22 - p. Let y = 59 - i. What is the highest common divisor of 48 and y?
16
Suppose -440 = 58*i - 1136. Calculate the highest common factor of 944 and i.
4
Let i be (-5 + -7)*6/(-9). Suppose i*x - 162 = 5*x. Suppose 8*w + x = 238. What is the greatest common factor of w and 46?
23
Let v(i) = 2*i**2 + 4*i. Suppose 9*p + 29 + 25 = 0. Let t be v(p). Calculate the greatest common divisor of t and 32.
16
Let z(h) = 19*h**2 + h + 3. Let j be z(0). Suppose v - 13 = -4*n - 10, 2*v = j*n - 16. What is the highest common factor of 2 and n?
2
Let m(c) = c**3 - 26*c**2 + 4. Let d be m(26). Let y be -1*d/(-24) + (-82)/(-12). What is the greatest common divisor of 217 and y?
7
Let z(p) = 4*p + 65. Let q be (-3)/(4 - 54/14) + 5. Let a be z(q). Calculate the greatest common divisor of a and 40.
1
Let r = 2764 - 2634. What is the highest common factor of r and 611?
13
Let m(k) = 6*k**2 - 2*k + 1. Let t = 116 + -115. Let u be m(t). Let y(s) = 27*s - 57. Let x be y(u). What is the greatest common factor of x and 104?
26
Let q = -17008 - -17028. What is the highest common factor of q and 8450?
10
Suppose d - 851*z = -849*z + 371, -4*z = -5*d + 1831. What is the highest common divisor of 3 and d?
3
Let b be ((-73)/219)/((10/(-444))/5). Let j = b + 254. What is the greatest common factor of j and 41?
41
Let k(c) = c**3 + 62*c**2 + 131*c - 1069. Let b be k(-59). What is the highest common factor of 35 and b?
35
Let r be (-33)/(-22) + 2/4. Suppose 0 = r*y - 5*y + 27. Let f(v) = 17*v - 13. Let x be f(y). What is the highest common divisor of 20 and x?
20
Let u(i) = -32*i**3 + i**2 + 2*i + 2. Let s be u(-2). Calculate the greatest common factor of 602 and s.
86
Let b be (-11)/(33/(-12))*1. Let o be (14/b)/((-15)/(-90)). Calculate the highest common divisor of o and 30.
3
Let z(c) = 10*c + 155. Let f = -555 - -580. Let v be z(f). Calculate the greatest common divisor of v and 15.
15
Let m = -671 + 455. Let f be m/(-16)*(-4)/(-3). What is the highest common divisor of f and 18?
18
Let q be (-28)/10*65/26 + 1229/1. Calculate the highest common divisor of q and 752.
94
Suppose -40*f = -190 - 50. Suppose -4*c + 588 = -4*g, 0 = 4*c - 5*g - 426 - 159. Calculate the greatest common factor of f and c.
6
Suppose 63*c - 7258 = 3137. Calculate the greatest common factor of c and 480.
15
Suppose -2*x - 960 = 208*n - 212*n, 16 = 4*x. Suppose -2*a + o = -17 + 113, 4*a + o = -204. Let s = 72 + a. What is the greatest common factor of s and n?
22
Let w(t) = 374*t**2 - 10*t - 10. Let j be w(-1). Suppose 50*h = 16*h + j. What is the highest common factor of 407 and h?
11
Let f(r) = r**2 - 5*r - 7. Let u be f(5). Let z = u - -26. Suppose 3*y - 145 = -2*a + 132, a - 471 = -5*y. What is the greatest common divisor of z and y?
19
Let f = 177 + 10. Let s = -169 + f. What is the greatest common factor of s and 180?
18
Suppose -5*o = r + 65, o + 3*o = 2*r + 60. Let l = 9 - r. Suppose -5*d - 2*a + 170 + 312 = 0, 0 = -d - 3*a + 86. What is the greatest common divisor of d and l?
49
Suppose 0 = -6*y + 835 + 467. Suppose -948 = -4*k - a, -k + 2*a + y + 29 = 0. Calculate the highest common divisor of k and 14.
14
Let u(m) = 16*m - 34. Suppose -3254*i = -3253*i - 5. Let z be u(i). Calculate the greatest common divisor of z and 115.
23
Suppose -295*h + 109487 = -47748. What is the highest common divisor of 403 and h?
13
Let q = -12 + 17. Suppose -4*t - 4*n + 144 = 0, 5 = -3*t + q*n + 145. Let z be (5/1)/((-26)/(-52)). Calculate the highest common factor of t and z.
10
Let t = 2256 + 4124. What is the greatest common factor of t and 110?
110
Suppose -206*v - 4046 = -495*v. Calculate the greatest common factor of v and 14364.
14
Suppose 12*j + 50 = 122. Let w be (-7 + j)/((-1)/13). Calculate the highest common divisor of 39 and w.
13
Let q = -332 - -240. Let u = 149 + q. Calculate the greatest common factor of 6 and u.
3
Suppose 4*l + 2*a - 117 = 5*l, -5*a + 474 = -4*l. Let z = l + 173. What is the highest common divisor of z and 78?
26
Suppose b - 4 + 3 = 3*r, -5*b = -4*r - 5. Suppose -3*l - l + 2*g + 14 = r, l + g = 2. Suppose -3 = -3*y + l. Calculate the highest common divisor of 5 and y.
1
Suppose k + 2*r = -1544 + 1584, 4*r + 40 = 2*k. Let t be (-1 + -1)/(2/(-1057)). Suppose -5*m - 307 = -t. Calculate the highest common divisor of k and m.
30
Let j(n) = 2*n + 7. Let l be j(-1). Let c be 259 + -2 - (2 - l). What is the greatest common divisor of c and 60?
20
Suppose 0 = 2*c + 4*j - 20376, 133*c - 130*c = 5*j + 30553. What is the highest common divisor of 22 and c?
22
Let l(h) = -h**2 + 2*h + 5. Suppose x - v = -1, -4 + 0 = x - 4*v. Let d be l(x). Calculate the greatest common divisor of d and 55.
5
Let x = 3015 + 121. What is the highest common factor of x and 128?
64
Suppose 2*i - 4*i = 2*i. Suppose 0 = 3*x + l - 19, -3*x + 3*l - 8*l + 35 = i. What is the highest common divisor of x and 5?
5
Suppose 2*t = -a - 6, -4*t + 6*a - 7*a - 10 = 0. Let n = 314 + t. What is the highest common factor of n and 24?
24
Let r = 237 - 228. What is the highest common factor of 23 and r?
1
Suppose -8*t + 4*t + 36 = 0. Let m = -1 + t. Let o be (m - 2) + -4 + 2. Calculate the greatest common divisor of 28 and o.
4
Let v = 97 - 104. Let y be (15/(-2))/(v + 41/6). Let f(a) = a - 7. Let o be f(16). Calculate the highest common factor of o and y.
9
Let c = -6113 - -14216. What is the highest common factor of 438 and c?
219
Suppose -30*l + 32 = -22*l. Let b be 784/40 + l/10. Calculate the greatest common divisor of b and 5.
5
Let j(z) = z**3 - 105*z**2 + 219*z - 1330. Let h be j(103). What is the highest common divisor of h and 4761?
9
Suppose 5*i - 808 = -h, 4*h - 2116 = 5*i + 1041. Calculate the highest common divisor of 104 and h.
13
Suppose 154*b + 31*b = 63085. What is the greatest common factor of 124 and b?
31
Let z(p) = 7*p**2 + 45*p + 452. Let j be z(